 is the ten thousands digit of l?
1
What is the hundreds digit of -16 - (-27 + 20 + -22845)?
8
Let w be 0/(((-12)/18)/(4/18)). Let k(t) = t + 199. What is the units digit of k(w)?
9
Let q(w) = -w**3 - 6*w**2 - 4*w + 10. Let k be q(-5). Suppose 0 = k*c - 89 - 76. Let r = 54 - c. What is the tens digit of r?
2
Suppose -7 = 9*m - 34. Suppose m*s + 396 = q, 0*q - 3*s + 1644 = 4*q. Suppose 2*l - q = 2*t - 144, -3*l + 412 = 5*t. What is the hundreds digit of l?
1
Let o(r) = -r**3 - 7*r**2 - r - 7. Let z(y) = -y**2 + 2*y + 8. Let d be z(-3). Let f be o(d). Suppose f*p = p - 2. What is the units digit of p?
2
Suppose 3*z = 3*a, 16 = 5*z + 17*a - 14*a. What is the units digit of 332 - (-3 - (z + -9))?
8
Let z(a) = -49*a + 36. Let q be z(-26). Let o = q + -900. What is the units digit of o?
0
Let l be (-36)/(-30)*5 + (-6 - -3). Suppose -r + 40 = l*a + 1, 0 = -3*a - 2*r + 42. What is the tens digit of a?
1
Suppose -5*p = -3*z - 99026, -2*z + 97 - 81 = 0. What is the ten thousands digit of p?
1
Suppose s - 2*f = 58528, 5550*f + 175518 = 3*s + 5555*f. What is the hundreds digit of s?
5
Let r(g) = 174*g**2 - 35*g - 170. What is the units digit of r(-7)?
1
Let t(x) = 9*x**2 + 34*x + 345. What is the hundreds digit of t(32)?
6
Suppose -4*g + 11876 = -5*q, -6*g + 8*g = -q + 5952. What is the units digit of g?
4
Let v(w) be the second derivative of -13*w**4/24 + 19*w**3/3 - 33*w**2/2 - 7*w. Let t(a) be the first derivative of v(a). What is the hundreds digit of t(-13)?
2
Let c(w) = 150*w**3 - 4*w**2 + w + 3. Let q be c(-2). Let t = q + 2174. What is the units digit of t?
9
Let k(w) be the first derivative of -w**4/4 + 17*w**3/3 - 13*w**2 - 27*w + 82. What is the units digit of k(15)?
3
Let v be 0 + 18205 + 85 + -90. Suppose 36*h = 50*h - v. What is the hundreds digit of h?
3
Let q be 192 - (-1 + (0 - -3)). Suppose 5*a + 117 = 3*s + 398, 4*a = 2*s + q. Let y = -26 - s. What is the units digit of y?
1
Suppose 5*z = -2*y + 35070 + 65976, 0 = z + 2*y - 20214. What is the tens digit of z?
0
Suppose 3*u + i - 72737 = 0, -14959 = -u + i + 9284. What is the units digit of u?
5
Let d be 1883 + -1 + (-17 - -21). Suppose -2*o = -5*m + 2356, 0*m = 4*m - 2*o - d. Suppose -5*c - 20 = -m. What is the units digit of c?
0
Let c(t) be the second derivative of 13*t**3/3 + 14*t**2 - 11*t. Let r(s) = -s - 1. Let l(g) = c(g) + 10*r(g). What is the tens digit of l(7)?
3
Let p(x) be the first derivative of 35*x**4/4 - 4*x**3/3 + x**2/2 + 2*x - 18. Suppose 3*m = 10 - 4. What is the units digit of p(m)?
8
Let i be (8*1)/(-1)*(-2373)/21. Let l = i - 327. What is the tens digit of l?
7
Let c be -2 - ((-1)/(-4) - (-50)/(-8)). Let m be (1*-9)/3*1 + c. Let o(y) = 94*y**2 + 1. What is the tens digit of o(m)?
9
Let o = 12763 - 7995. What is the hundreds digit of o?
7
Let y(l) = 34*l**2 - 7*l - 9. Suppose -3*a = -5*s - 15, 0 = 2*a - 3*a. What is the hundreds digit of y(s)?
3
Let o be (-2)/4*(-1 + -833). Let x = o - 63. Suppose 0*g - 132 = -2*g + 4*v, 5*g - 2*v - x = 0. What is the units digit of g?
2
Suppose 0*b + 2496 = 2*b. Suppose 0 = 14*o - 1090 - b. What is the units digit of o?
7
Let n be 1143/21 + -1 - (-32)/56. What is the tens digit of n*3*(-4 - -7 - 2)?
6
Let g(o) = -o**3 + 79*o**2 + 112*o - 931. What is the tens digit of g(74)?
3
Let y(x) = 59*x + 169*x + 21*x - 61*x + 17 + 240*x. What is the units digit of y(2)?
3
Suppose -6 = 2*h + 5*b, -4*b = 3 + 5. Let c be ((-6)/3)/(h/(-4)). What is the units digit of c + -1 + (-32)/(-2)?
9
Suppose 113*b - 89*b = 384. Let f(l) = -l**3 + 21*l**2 - 24*l + 33. What is the units digit of f(b)?
9
Suppose 0 = 2*z - 901 + 81. Suppose -3*j + 5*a = z, -j = -4*a + 114 + 32. What is the units digit of (3 + 3)*(j/(-4) - 2)?
3
Suppose -108942 - 499323 = -21*p. What is the ten thousands digit of p?
2
What is the ten thousands digit of 450/(-200)*(-256380)/9?
6
Suppose -n = 5*h - h - 21, 4*h + 9 = 5*n. Suppose 3*w = 3*x - x - 222, -601 = -5*x - h*w. What is the hundreds digit of x?
1
Suppose 17*b - 3 = 20*b. What is the units digit of (6/(-9))/(b/111)?
4
Let z = -9 - -12. Suppose 2*b + 1161 = 6*b - 5*h, -1410 = -5*b - 2*h. Suppose 2*m + z*r = m + 80, 0 = 3*m - 2*r - b. What is the units digit of m?
2
Suppose -c = 5*d - 67644, -5*c + 415062 - 76660 = -d. What is the thousands digit of c?
7
Suppose -20048 = -15*s + 57892. Suppose 6494 = 12*o - 7*o + 4*x, -4*o + s = 4*x. What is the units digit of o?
8
Let l be ((-6)/12)/(-2*4/80). Suppose -l*f + 312 = 3*y - 61, -3*f + 127 = y. What is the units digit of y?
1
Let f be (-11)/(4/((-1968)/(-981)) - 2). Suppose 0 = 5*o - u - f, -4*o = -3*u + 7*u - 1424. What is the hundreds digit of o?
3
Let n(q) be the first derivative of 19*q**3/3 + 83*q**2/2 + 8*q + 111. What is the thousands digit of n(-11)?
1
Suppose 6*z = 36 - 12. Suppose z*t + s - 1332 = 820, -5*s = -4*t + 2128. What is the tens digit of t?
3
Let x = 20081 - 11061. What is the units digit of x?
0
Suppose 2*n - 3*n + 5096 = 4*z, -5*n = -4*z + 5120. What is the tens digit of z?
7
Let n(o) = 41*o**2 + o - 139. What is the hundreds digit of n(13)?
8
Let i(v) = -52*v**3 + v**2 - v + 1. Let p = 29 + -28. Let q be i(p). Let z = 59 + q. What is the units digit of z?
8
Let a(r) be the first derivative of r**3/3 - 5*r**2/2 + 111*r + 204. What is the tens digit of a(17)?
1
What is the tens digit of (-2277)/(-506) + ((-10485)/(-2) - 2)?
4
Let g = 13475 - 7186. What is the thousands digit of g?
6
Let t = -68 + -16. Let m = t + 66. Let u = m - -52. What is the tens digit of u?
3
What is the tens digit of 7 - 256/10*(-21 - 344)?
5
Let g(i) be the third derivative of 17*i**5/60 + i**4/12 - i**3 + 2*i**2 - 18. What is the units digit of g(-4)?
8
Let z(f) = 69*f**2 - 11*f + 2. Let x(k) = 69*k**2 - 11*k + 4. Let n(t) = 5*x(t) - 4*z(t). What is the tens digit of n(3)?
0
Let z(r) = -r**3 + 21*r**2 - 18*r - 41. Let t be z(20). What is the units digit of -1*(-166 - 3) + t + -3?
5
Let n = 12233 - -18157. What is the hundreds digit of n?
3
Suppose -n = -0*w + 2*w - 872, -4*n + 3*w = -3532. Suppose 6*h + n = -80. Let k = -95 - h. What is the units digit of k?
5
Suppose 2*n = -5*i + 11 + 19, 5*n + 4*i - 41 = 0. Let v(h) = 93*h + 30. What is the tens digit of v(n)?
9
Let g = 19346 - 3185. What is the tens digit of g?
6
Let l(j) = 16*j - 90. Let d be l(5). What is the hundreds digit of (-25)/(90/(-22) + 14 + d)?
2
Let v(q) = 38*q - 199. Let d be (-54)/63*336/(-9). What is the units digit of v(d)?
7
Suppose 3*s - 1577 = v, 47*v - 49*v = -5*s + 3151. Let a = 2669 + v. What is the units digit of a?
1
Let c = 21457 + -10788. What is the tens digit of c?
6
Suppose -2*m - 3*o + 21 = 0, 3*m - 17*o = -16*o + 48. What is the hundreds digit of m/(-175)*-7 - (-3014)/10?
3
Let g = 105 - 103. Suppose -2*i - 3*w = -159, 4*i - g*w = -0*i + 326. What is the tens digit of i?
8
Suppose 1899 = -8*l - 981. Let q = l - -641. What is the hundreds digit of q?
2
Suppose 3*u = 9*u - 48920 - 33976. What is the ten thousands digit of u?
1
Suppose 0 = -42*h + 45*h + 9. Let x(l) = l + 5. Let a be x(-5). What is the tens digit of (a - 2/(-6))/(h/(-1125))?
2
Suppose 0 = 4*m - 2*n - 3623 - 8409, 4*m + 4*n - 12044 = 0. Let c = m + -1925. What is the hundreds digit of c?
0
Let k(h) = 638 - 18*h + 632 - 2534 + 630 + 635. Let f(a) = 3*a + 3. Let z be f(-5). What is the units digit of k(z)?
7
Let n = -105 + 334. Suppose 26*p = 9*p - 2669. Let f = n + p. What is the tens digit of f?
7
Suppose 714 = -72*k + 114*k. Let t(f) = -12*f**3 - 2*f**2 - 3*f - 2. Let y be t(-2). Let b = y - k. What is the tens digit of b?
7
Suppose -14*c + 46 = 9*c. Suppose -2*n = 2*m + c*n - 72, 150 = 5*m - 5*n. What is the tens digit of m?
3
Let u(n) = 1273*n**2 + 33*n - 58. What is the thousands digit of u(7)?
2
Let n(o) be the first derivative of o**4/4 - 31*o**3/6 + 5*o**2/2 + 29. Let s(l) be the second derivative of n(l). What is the tens digit of s(23)?
0
What is the units digit of (-40)/600 - 126455/(-75)?
6
Let r(v) = v**2 + 3*v + 18. Let a be r(-6). Suppose -1120 = a*d - 46*d. What is the tens digit of d?
1
Let r(p) = 59*p + 9*p - 7*p - 29 - 23. What is the hundreds digit of r(6)?
3
Let q be (8 - 10)*(-1)/2. Suppose -10 = -3*l - q. Suppose 3*r = -0*r - 3*a + 195, 15 = l*a. What is the tens digit of r?
6
Let s(n) = -6*n**3 - 106*n**2 + 37*